{"id":641,"date":"2021-02-17T03:29:47","date_gmt":"2021-02-17T04:29:47","guid":{"rendered":"https:\/\/www.gabinetestetica.com\/lojaonline\/?post_type=product&#038;p=641"},"modified":"2023-12-01T17:05:26","modified_gmt":"2023-12-01T18:05:26","slug":"esfoliante-de-pes","status":"publish","type":"product","link":"https:\/\/www.gabinetestetica.com\/lojaonline\/product\/esfoliante-de-pes\/","title":{"rendered":"Esfoliante de P\u00e9s"},"content":{"rendered":"<p><a href=\"https:\/\/i0.wp.com\/www.gabinetestetica.com\/lojaonline\/wp-content\/uploads\/2021\/02\/112113-scaled.jpg?ssl=1\"><img fetchpriority=\"high\" decoding=\"async\" class=\"alignnone size-medium wp-image-715\" src=\"https:\/\/i0.wp.com\/www.gabinetestetica.com\/lojaonline\/wp-content\/uploads\/2021\/02\/112113.jpg?resize=193%2C300&#038;ssl=1\" alt=\"\" width=\"193\" height=\"300\" data-recalc-dims=\"1\" \/><\/a><\/p>\n","protected":false},"excerpt":{"rendered":"<p>Esfoliante de p\u00e9s com \u00e1cido hialur\u00f3nico<\/p>\n","protected":false},"featured_media":715,"comment_status":"open","ping_status":"closed","template":"","meta":[],"product_cat":[195,43,222],"product_tag":[96,99,97,98,45,51,50],"class_list":["post-641","product","type-product","status-publish","has-post-thumbnail","hentry","product_cat-alessandro","product_cat-cuidadosdepes","product_cat-sugestoes-de-natal","product_tag-alessandro","product_tag-cuidadosdepes","product_tag-esfoliante","product_tag-pes","product_tag-acidohialuronico","product_tag-carmengabinetestetica","product_tag-gabinetestetica"],"_links":{"self":[{"href":"https:\/\/www.gabinetestetica.com\/lojaonline\/wp-json\/wp\/v2\/product\/641","targetHints":{"allow":["GET"]}}],"collection":[{"href":"https:\/\/www.gabinetestetica.com\/lojaonline\/wp-json\/wp\/v2\/product"}],"about":[{"href":"https:\/\/www.gabinetestetica.com\/lojaonline\/wp-json\/wp\/v2\/types\/product"}],"replies":[{"embeddable":true,"href":"https:\/\/www.gabinetestetica.com\/lojaonline\/wp-json\/wp\/v2\/comments?post=641"}],"wp:featuredmedia":[{"embeddable":true,"href":"https:\/\/www.gabinetestetica.com\/lojaonline\/wp-json\/wp\/v2\/media\/715"}],"wp:attachment":[{"href":"https:\/\/www.gabinetestetica.com\/lojaonline\/wp-json\/wp\/v2\/media?parent=641"}],"wp:term":[{"taxonomy":"product_cat","embeddable":true,"href":"https:\/\/www.gabinetestetica.com\/lojaonline\/wp-json\/wp\/v2\/product_cat?post=641"},{"taxonomy":"product_tag","embeddable":true,"href":"https:\/\/www.gabinetestetica.com\/lojaonline\/wp-json\/wp\/v2\/product_tag?post=641"}],"curies":[{"name":"wp","href":"https:\/\/api.w.org\/{rel}","templated":true}]}}