{"id":538,"date":"2021-02-17T00:37:11","date_gmt":"2021-02-17T01:37:11","guid":{"rendered":"https:\/\/www.gabinetestetica.com\/lojaonline\/?post_type=product&#038;p=538"},"modified":"2023-04-14T21:16:16","modified_gmt":"2023-04-14T22:16:16","slug":"vitmin-c-blur","status":"publish","type":"product","link":"https:\/\/www.gabinetestetica.com\/lojaonline\/product\/vitmin-c-blur\/","title":{"rendered":"Vitmin C Blur"},"content":{"rendered":"","protected":false},"excerpt":{"rendered":"<p>Primer aperfei\u00e7oador de imperfei\u00e7\u00f5es 2x10ml<\/p>\n","protected":false},"featured_media":539,"comment_status":"open","ping_status":"closed","template":"","meta":[],"product_cat":[179,34,35],"product_tag":[49,51,46,50,55,54,48],"class_list":["post-538","product","type-product","status-publish","has-post-thumbnail","hentry","product_cat-bv","product_cat-cuidadosderosto","product_cat-maquilhagem","product_tag-brunovassari","product_tag-carmengabinetestetica","product_tag-cuidadosderosto","product_tag-gabinetestetica","product_tag-makeup","product_tag-primer","product_tag-skincare"],"_links":{"self":[{"href":"https:\/\/www.gabinetestetica.com\/lojaonline\/wp-json\/wp\/v2\/product\/538","targetHints":{"allow":["GET"]}}],"collection":[{"href":"https:\/\/www.gabinetestetica.com\/lojaonline\/wp-json\/wp\/v2\/product"}],"about":[{"href":"https:\/\/www.gabinetestetica.com\/lojaonline\/wp-json\/wp\/v2\/types\/product"}],"replies":[{"embeddable":true,"href":"https:\/\/www.gabinetestetica.com\/lojaonline\/wp-json\/wp\/v2\/comments?post=538"}],"wp:featuredmedia":[{"embeddable":true,"href":"https:\/\/www.gabinetestetica.com\/lojaonline\/wp-json\/wp\/v2\/media\/539"}],"wp:attachment":[{"href":"https:\/\/www.gabinetestetica.com\/lojaonline\/wp-json\/wp\/v2\/media?parent=538"}],"wp:term":[{"taxonomy":"product_cat","embeddable":true,"href":"https:\/\/www.gabinetestetica.com\/lojaonline\/wp-json\/wp\/v2\/product_cat?post=538"},{"taxonomy":"product_tag","embeddable":true,"href":"https:\/\/www.gabinetestetica.com\/lojaonline\/wp-json\/wp\/v2\/product_tag?post=538"}],"curies":[{"name":"wp","href":"https:\/\/api.w.org\/{rel}","templated":true}]}}