{"id":34,"date":"2018-11-27T07:46:38","date_gmt":"2018-11-27T07:46:38","guid":{"rendered":"http:\/\/demo.accesspressthemes.com\/store-mart-lite\/?page_id=34"},"modified":"2021-06-06T16:14:35","modified_gmt":"2021-06-06T17:14:35","slug":"home","status":"publish","type":"page","link":"https:\/\/www.gabinetestetica.com\/lojaonline\/","title":{"rendered":"Promo\u00e7\u00e3o Boas Vindas"},"content":{"rendered":"\n<p>Para comemorar o lan\u00e7amento do nosso site de vendas temos uma excelente promo\u00e7\u00e3o.<\/p>\n\n\n\n<p>Mas aten\u00e7\u00e3o&#8230; \u00e9 limitada!<\/p>\n\n\n\n<figure class=\"wp-block-image size-large\"><img fetchpriority=\"high\" decoding=\"async\" width=\"640\" height=\"640\" src=\"https:\/\/i0.wp.com\/www.gabinetestetica.com\/lojaonline\/wp-content\/uploads\/2021\/06\/pressed-1.jpg?resize=640%2C640&#038;ssl=1\" alt=\"\" class=\"wp-image-767\" srcset=\"https:\/\/i0.wp.com\/www.gabinetestetica.com\/lojaonline\/wp-content\/uploads\/2021\/06\/pressed-1.jpg?w=640&amp;ssl=1 640w, https:\/\/i0.wp.com\/www.gabinetestetica.com\/lojaonline\/wp-content\/uploads\/2021\/06\/pressed-1.jpg?resize=300%2C300&amp;ssl=1 300w, https:\/\/i0.wp.com\/www.gabinetestetica.com\/lojaonline\/wp-content\/uploads\/2021\/06\/pressed-1.jpg?resize=150%2C150&amp;ssl=1 150w, https:\/\/i0.wp.com\/www.gabinetestetica.com\/lojaonline\/wp-content\/uploads\/2021\/06\/pressed-1.jpg?resize=100%2C100&amp;ssl=1 100w\" sizes=\"(max-width: 640px) 100vw, 640px\" data-recalc-dims=\"1\" \/><\/figure>\n\n\n\n<figure class=\"wp-block-image size-large\"><img decoding=\"async\" width=\"432\" height=\"432\" src=\"https:\/\/i0.wp.com\/www.gabinetestetica.com\/lojaonline\/wp-content\/uploads\/2021\/06\/to-impress-1.jpg?resize=432%2C432&#038;ssl=1\" alt=\"#promo\u00e7\u00e3o #promo #carmengabinetestetica #w7 #w7cosmetics #w7makeup #gabinetestetica #makeup #maquilhagem\" class=\"wp-image-768\" data-recalc-dims=\"1\" \/><\/figure>\n","protected":false},"excerpt":{"rendered":"<p>Para comemorar o lan\u00e7amento do nosso site de vendas temos uma excelente promo\u00e7\u00e3o. Mas aten\u00e7\u00e3o&#8230; \u00e9 limitada!<\/p>\n","protected":false},"author":2,"featured_media":767,"parent":0,"menu_order":0,"comment_status":"closed","ping_status":"closed","template":"tpl-home.php","meta":{"footnotes":""},"class_list":["post-34","page","type-page","status-publish","has-post-thumbnail","hentry"],"_links":{"self":[{"href":"https:\/\/www.gabinetestetica.com\/lojaonline\/wp-json\/wp\/v2\/pages\/34","targetHints":{"allow":["GET"]}}],"collection":[{"href":"https:\/\/www.gabinetestetica.com\/lojaonline\/wp-json\/wp\/v2\/pages"}],"about":[{"href":"https:\/\/www.gabinetestetica.com\/lojaonline\/wp-json\/wp\/v2\/types\/page"}],"author":[{"embeddable":true,"href":"https:\/\/www.gabinetestetica.com\/lojaonline\/wp-json\/wp\/v2\/users\/2"}],"replies":[{"embeddable":true,"href":"https:\/\/www.gabinetestetica.com\/lojaonline\/wp-json\/wp\/v2\/comments?post=34"}],"version-history":[{"count":1,"href":"https:\/\/www.gabinetestetica.com\/lojaonline\/wp-json\/wp\/v2\/pages\/34\/revisions"}],"predecessor-version":[{"id":769,"href":"https:\/\/www.gabinetestetica.com\/lojaonline\/wp-json\/wp\/v2\/pages\/34\/revisions\/769"}],"wp:featuredmedia":[{"embeddable":true,"href":"https:\/\/www.gabinetestetica.com\/lojaonline\/wp-json\/wp\/v2\/media\/767"}],"wp:attachment":[{"href":"https:\/\/www.gabinetestetica.com\/lojaonline\/wp-json\/wp\/v2\/media?parent=34"}],"curies":[{"name":"wp","href":"https:\/\/api.w.org\/{rel}","templated":true}]}}